
False
Does 7 divide 253058141?
True
Does 19 divide 218063?
True
Is 48381588 a multiple of 79?
False
Is 39579705 a multiple of 2423?
True
Is 4276408512 a multiple of 28?
False
Does 1894 divide 1659969784?
True
Does 33 divide 1141879005?
False
Is 15 a factor of 2035740?
True
Is 3008 a factor of 456787513?
False
Is 1132 a factor of 51306768?
True
Does 10 divide 22698270?
True
Does 54 divide 740434554?
True
Is 6 a factor of 103355285?
False
Is 656 a factor of 132685840?
True
Is 17 a factor of 157151315?
True
Does 15 divide 47586405?
True
Is 24 a factor of 48183994?
False
Does 47 divide 149055001?
True
Is 299 a factor of 617433972?
False
Is 760582669 a multiple of 48?
False
Does 505 divide 688228818?
False
Does 96 divide 9400128?
True
Is 47496222 a multiple of 79?
True
Is 6886226 a multiple of 134?
False
Is 2 a factor of 2387892?
True
Does 317 divide 2766640662?
False
Does 1601 divide 100406715?
True
Is 30327624 a multiple of 67?
False
Does 6548 divide 68466697?
False
Is 345 a factor of 36528255?
True
Is 171 a factor of 56884700?
False
Is 42453999 a multiple of 29?
True
Is 211 a factor of 725042138?
False
Does 11388 divide 485695011?
False
Does 11 divide 68038132?
False
Is 2687 a factor of 15767316?
True
Is 7 a factor of 538509377?
True
Is 270292605 a multiple of 1903?
True
Is 732359182 a multiple of 3?
False
Is 62737514 a multiple of 1022?
True
Does 285 divide 352171822?
False
Does 621 divide 26457035?
False
Does 74 divide 18076720?
True
Does 12 divide 133950?
False
Is 2177 a factor of 4901124629?
False
Does 129 divide 24376388?
False
Does 33 divide 329978621?
False
Is 8027 a factor of 2083175067?
True
Is 11258146 a multiple of 722?
True
Is 325 a factor of 26396623?
False
Does 9115 divide 484263515?
False
Does 39 divide 2854154950?
False
Is 233 a factor of 31349701?
False
Is 136117954 a multiple of 7679?
True
Is 161442375 a multiple of 398?
False
Is 828024897 a multiple of 1136?
False
Does 62 divide 120190906?
True
Is 140327075 a multiple of 295?
True
Does 4 divide 442257316?
True
Is 7 a factor of 30518292?
True
Is 6 a factor of 1058687408?
False
Is 586137650 a multiple of 722?
True
Is 140 a factor of 103797260?
True
Is 175 a factor of 70364875?
True
Does 14 divide 240941358?
True
Does 742 divide 50168846?
True
Is 1066893191 a multiple of 1141?
True
Is 1351153771 a multiple of 629?
False
Is 493 a factor of 2806741124?
False
Does 33 divide 26811147?
True
Does 55 divide 35788280?
True
Is 1349010 a multiple of 76?
False
Does 579 divide 8603562?
False
Does 674 divide 167322999?
False
Does 17 divide 686297531?
True
Does 632 divide 632442325?
False
Is 270 a factor of 14198760?
True
Does 107 divide 61770076?
False
Is 2 a factor of 7375683?
False
Is 10 a factor of 8355440?
True
Is 421643700 a multiple of 4263?
False
Does 316 divide 177445822?
False
Does 21 divide 5478900?
True
Is 37793091 a multiple of 21?
True
Is 76918914 a multiple of 346?
True
Is 953 a factor of 101984342?
True
Does 787 divide 661901331?
False
Is 40321431 a multiple of 3411?
True
Does 8202 divide 474332152?
False
Is 24432576 a multiple of 196?
True
Is 13183676 a multiple of 911?
False
Is 4 a factor of 4491526?
False
Is 1838 a factor of 918681788?
False
Does 96 divide 73825056?
True
Is 625596603 a multiple of 57?
True
Is 33 a factor of 1005717438?
True
Is 1148797977 a multiple of 70?
False
Is 96 a factor of 213913940?
False
Is 678222089 a multiple of 109?
True
Does 21 divide 90760278?
True
Is 54410395 a multiple of 478?
False
Is 2154717792 a multiple of 144?
True
Is 10 a factor of 550664103?
False
Is 18669926 a multiple of 22?
True
Does 11 divide 137020559?
False
Is 2831323286 a multiple of 6470?
False
Is 13 a factor of 725134433?
False
Is 29 a factor of 108009936?
False
Is 285 a factor of 380760?
True
Is 37 a factor of 3108990453?
True
Is 8 a factor of 25518224?
True
Does 466 divide 4954742?
False
Does 14 divide 369674550?
True
Is 517 a factor of 243171984?
True
Is 7 a factor of 448588606?
False
Is 379 a factor of 523357242?
False
Is 248 a factor of 63910592?
True
Is 106 a factor of 20863768?
True
Is 45178729 a multiple of 1329?
False
Does 77 divide 2150533?
True
Is 777 a factor of 41508894?
True
Does 70 divide 67712632?
False
Does 697 divide 805326346?
True
Is 2308 a factor of 127431755?
False
Does 188 divide 16555280?
True
Is 2543629 a multiple of 53?
True
Does 25 divide 817521600?
True
Is 95143411 a multiple of 15?
False
Does 1251 divide 1165534?
False
Does 325 divide 331881550?
True
Does 333 divide 89957619?
True
Is 315 a factor of 118916910?
True
Is 28 a factor of 27672914?
False
Is 20 a factor of 17821403?
False
Is 1323 a factor of 2844280815?
False
Is 1810139376 a multiple of 732?
True
Does 707 divide 12858209?
True
Does 808 divide 629471592?
True
Does 92 divide 54792624?
True
Does 163 divide 3425676949?
True
Does 64 divide 90386432?
True
Is 3 a factor of 253579?
False
Is 9 a factor of 494165857?
False
Is 108 a factor of 7124313?
False
Does 36 divide 4128264?
True
Is 113 a factor of 688251360?
True
Is 34182720 a multiple of 104?
True
Does 4370 divide 48826010?
True
Is 269 a factor of 149437657?
False
Is 10350461 a multiple of 257?
False
Does 1708 divide 26108879?
False
Does 424 divide 51410074?
False
Is 67143239 a multiple of 1283?
True
Is 42222850 a multiple of 25?
True
Is 11396655 a multiple of 352?
False
Is 4630 a factor of 2797980598?
False
Is 30 a factor of 889733130?
True
Is 131 a factor of 73544534?
False
Is 3 a factor of 3096468?
True
Is 408690955 a multiple of 220?
False
Is 4731 a factor of 1477486569?
True
Does 4992 divide 213003341?
False
Is 4643914 a multiple of 820?
False
Is 98 a factor of 1588962200?
True
Is 39 a factor of 144351870?
True
Is 9 a factor of 5770518?
False
Does 15 divide 649076?
False
Is 356082300 a multiple of 812?
True
Is 102 a factor of 184720878?
True
Does 2490 divide 4852140990?
True
Does 847 divide 341048785?
True
Is 2118 a factor of 46966650?
True
Does 359 divide 168550282?
False
Does 3 divide 40694797?
False
Is 22420893 a multiple of 85?
False
Is 733951974 a multiple of 2723?
True
Does 14 divide 246605022?
False
Is 925265744 a multiple of 2236?
True
Is 34 a factor of 21316081?
False
Is 12 a factor of 121495464?
True
Does 573 divide 21754518?
True
Does 6 divide 919239822?
True
Does 495 divide 217382220?
True
Does 130 divide 97502990?
True
Is 3875416445 a multiple of 280?
False
Is 99 a factor of 34176384?
True
Is 60187184 a multiple of 1744?
True
Is 36 a factor of 1055005297?
False
Does 170 divide 601707358?
False
Is 241869605 a multiple of 2110?
False
Is 83 a factor of 254761279?
True
Is 454555647 a multiple of 2691?
True
Is 861126 a multiple of 46?
False
Is 49 a factor of 10580472?
True
Does 325 divide 934271368?
False
Does 2430 divide 119608460?
False
Is 90879270 a multiple of 607?
False
Is 233 a factor of 120328745?
False
Is 3819 a factor of 10092140?
False
Is 668 a factor of 100917284?
False
Is 17 a factor of 39645515?
False
Is 10 a factor of 20162843?
False
Does 18 divide 34042212?
True
Is 15 a factor of 23164590?
True
Is 179 a factor of 507213275?
False
Does 60 divide 36941828?
False
Is 163898802 a multiple of 18?
True
Does 3815 divide 190059485?
True
Is 44682637 a multiple of 3068?
False
Is 3903 a factor of 186568302?
False
Is 3083956031 a multiple of 9529?
True
Is 83 a factor of 603715191?
True
Is 3 a factor of 62940318?
True
Is 159059867 a multiple of 3195?
False
Is 9559483 a multiple of 790?
False
Is 25566069 a multiple of 197?
True
Is 11459533 a multiple of 14?
False
Does 187 divide 23490042?
False
Does 8 divide 427759144?
True
Is 722 a factor of 1505496409?
False
Does 45 divide 36155340?
True
Is 18 a factor of 18177426?
True
Is 245489985 a multiple of 4?
False
Is 277 a factor of 4555819?
True
Is 279459214 a multiple of 3334?
True
Does 27 divide 34787236?
False
Is 183684836 a multiple of 188?
True
Is 206 a factor of 81424389?
False
Is 261 a factor of 24155461?
False
Is 205812 a multiple of 2?
True
Does 7 divide 224690774?
True
Is 445130950 a multiple of 50?
True
Is 241 a factor of 242311040?
True
Is 294 a factor of 817093158?
False
Does 19 divide 29318410?
False
Does 32 divide 20128544?
True
Is 265574 a multiple of 22?
False
Is 104691267 a multiple of 2069?
False
Is 170382540 a multiple of 5410?
True
Is 15857991 a multiple of 1